3*v**2 + 146*v - 606. Determine d(3).
-15
Let w(o) = -2*o**2 + 7565*o - 7021812. Give w(2148).
0
Let j(s) = -11586*s - 69425. Give j(-6).
91
Let v(w) = 139*w**2 + 24*w + 53. Calculate v(-3).
1232
Let b(i) = -11873*i - 23761. Give b(-2).
-15
Let f(m) = -2*m**3 - 129*m**2 - 216*m - 1779. Give f(-63).
-78
Let k(b) = -4195*b - 16756. What is k(-4)?
24
Let v(w) = -33*w**2 + 255*w + 643. Determine v(10).
-107
Let p(o) = -52414*o - 419364. What is p(-8)?
-52
Let q(h) = 194*h**3 + 241*h**2 - 436*h - 8. What is q(1)?
-9
Let p(i) = 5*i**3 - 99*i**2 + 7570*i - 151849. Calculate p(20).
-49
Let b(r) = -945*r + 329809. What is b(349)?
4
Let m(b) = 2*b**3 + 7*b**2 + 4*b - 281. Determine m(0).
-281
Let l(q) = -3*q**3 - 420*q**2 - 499*q - 11369. What is l(-139)?
29
Let l(f) = 6680*f + 6672. Give l(-1).
-8
Let m(f) = 38303*f - 4213336. Determine m(110).
-6
Let p(x) = -9127*x - 137300. Calculate p(-15).
-395
Let k(m) = 2172*m + 1570164. Determine k(-723).
-192
Let p(v) = -10*v**2 + 1163*v - 28247. What is p(82)?
-121
Let f(k) = -k**3 + 252*k**2 - 312*k + 15313. What is f(251)?
2
Let s(o) = 4*o**2 + 110581*o + 663483. Calculate s(-6).
141
Let h(i) = -2990*i - 21948. Give h(-7).
-1018
Let j(c) = 4*c**2 - 1639*c + 152921. Give j(266).
-29
Let k(j) = -3280*j + 72777. Determine k(22).
617
Let s(n) = 133*n**2 + 73*n + 77. What is s(-1)?
137
Let d(u) = -31*u**2 + 1870*u - 27656. Calculate d(26).
8
Let t(k) = 117*k - 19575. What is t(153)?
-1674
Let l(d) = d**2 + 41026*d + 10680195. What is l(-262)?
27
Let y(i) = -191*i**2 - 4025*i - 290. Give y(-21).
4
Let j(y) = -y**3 + 14*y**2 + 25*y - 221. Give j(13).
273
Let g(q) = -2*q**3 + 75*q**2 - 85*q - 817. What is g(36)?
11
Let s(f) = -181*f - 7096. What is s(-39)?
-37
Let n(o) = -17066*o - 102187. Determine n(-6).
209
Let m(i) = -1285*i - 10282. What is m(-8)?
-2
Let s(a) = -a**3 + 9*a**2 + 1220*a - 8920. What is s(36)?
8
Let w(x) = -221502*x - 1107493. Calculate w(-5).
17
Let o(c) = -6*c**3 + 45*c**2 - 40*c + 270. Give o(6).
354
Let n(g) = 22*g**2 - 474*g + 2315. Calculate n(12).
-205
Let i(v) = -v**3 + 371*v**2 + 5998*v + 3124. Calculate i(-15).
4
Let n(g) = 638*g**2 - 333*g - 346. Calculate n(1).
-41
Let d(w) = 42*w**2 - 2689*w + 49. What is d(64)?
-15
Let u(o) = -16*o**2 + 1004*o - 132. What is u(63)?
-384
Let z(p) = -p**3 + 9*p**2 - 75*p + 450. What is z(7)?
23
Let o(h) = -h**3 - 54*h**2 - 850*h - 4096. Calculate o(-10).
4
Let c(n) = 3*n**3 - 2*n**2 - 181*n + 352. What is c(2)?
6
Let h(p) = 2*p**3 - 109*p**2 - 230*p - 2945. Give h(57).
190
Let r(c) = -231*c**2 + 1423*c + 5582. Give r(-4).
-3806
Let k(b) = 54*b**3 + 12*b**2 - 2*b - 14. Calculate k(-1).
-54
Let x(i) = -i**3 + 33*i**2 - 39*i + 126. Give x(31).
839
Let h(u) = -7944*u - 158885. Give h(-20).
-5
Let y(q) = q**3 + 64*q**2 + 53*q + 7677. What is y(-65)?
7
Let y(m) = m**2 + 2223*m + 6682. Calculate y(-3).
22
Let j(a) = -a**2 - 965*a - 24405. Give j(-26).
9
Let m(w) = -37*w**2 + 955*w + 212. Give m(26).
30
Let y(x) = 52433*x + 996154. What is y(-19)?
-73
Let t(s) = -12*s**2 - 1062*s - 2974. Calculate t(-3).
104
Let y(x) = -x**3 - 489*x**2 + 6007*x + 51. Give y(12).
-9
Let q(k) = k**2 - 323*k - 2990. Calculate q(332).
-2
Let x(b) = -2790*b**2 + 284581*b - 27. Give x(102).
75
Let f(i) = -i**3 + 38*i**2 + 553*i - 23037. What is f(35)?
-7
Let t(d) = d**2 - 330*d + 19881. Give t(251).
52
Let k(f) = 4579*f + 13689. Determine k(-3).
-48
Let t(z) = 3*z**2 - 126*z + 404. Calculate t(41).
281
Let j(q) = 4*q**2 + 187*q - 507. What is j(-59)?
2384
Let c(z) = -18*z**2 - 353*z - 1106. Calculate c(-13).
441
Let i(r) = 21*r**3 + 336*r**2 - 16*r - 310. Determine i(-16).
-54
Let n(l) = 2045*l - 30753. Determine n(15).
-78
Let t(h) = 54*h**2 + 1271*h + 3852. Calculate t(-3).
525
Let t(u) = 12*u - 1309. Calculate t(80).
-349
Let h(m) = 442*m + 17400. What is h(-42)?
-1164
Let v(s) = -1248*s - 282054. Determine v(-226).
-6
Let c(n) = 571517*n - 5143659. Calculate c(9).
-6
Let i(v) = -5486*v + 38401. Determine i(7).
-1
Let b(p) = -147*p + 44394. What is b(302)?
0
Let v(a) = -a**3 - 54*a**2 + 43*a + 354. Give v(-55).
1014
Let y(c) = -140764*c + 140626. Determine y(1).
-138
Let d(p) = -70*p + 6241. What is d(74)?
1061
Let i(z) = 3060*z + 46339. Calculate i(-15).
439
Let k(n) = -14875*n - 1874105. Calculate k(-126).
145
Let z(n) = -n**3 - 129*n**2 - 215*n + 4413. Give z(-127).
-540
Let v(i) = i**3 - 52*i**2 + 828*i - 11292. What is v(38)?
-44
Let n(f) = 5958556*f + 29792785. What is n(-5)?
5
Let j(t) = 624*t - 253362. Give j(406).
-18
Let f(u) = -63*u + 1978. Determine f(31).
25
Let l(c) = 7132*c**2 - 7136*c + 7. Determine l(1).
3
Let g(i) = 15881*i - 476558. Determine g(30).
-128
Let z(g) = g**3 + 97*g**2 - 36256*g - 562. Give z(148).
30
Let f(v) = v**2 + 753*v + 4. Determine f(0).
4
Let p(s) = -59*s**2 - 278*s + 3364. Calculate p(6).
-428
Let f(b) = -12*b - 715. Determine f(-34).
-307
Let h(y) = -2*y**2 - 435*y + 10025. What is h(21)?
8
Let v(b) = -24*b**3 + 133*b**2 - 56*b - 70. Calculate v(5).
-25
Let m(g) = -g**2 - 16171*g - 290607. What is m(-18)?
147
Let i(o) = 671*o - 906538. Give i(1351).
-17
Let j(f) = -7*f**3 + 14*f**2 + 154*f - 2075. Calculate j(8).
-3531
Let o(d) = -d**3 - 36*d**2 - 207*d - 142. What is o(-29)?
-26
Let w(d) = d**2 + 51629*d + 309708. What is w(-6)?
-30
Let l(d) = -239*d - 14381. Determine l(-57).
-758
Let j(r) = r**3 + 36*r**2 - 157*r + 53. What is j(-40)?
-67
Let m(r) = 17461*r + 349237. Determine m(-20).
17
Let f(q) = q**2 + 63552*q - 2670944. What is f(42)?
4
Let z(g) = -56*g**2 + 4765*g + 14304. Determine z(-3).
-495
Let y(v) = -111708*v + 1675577. Calculate y(15).
-43
Let c(m) = -419*m**2 - 8409*m - 9. Determine c(-20).
571
Let x(f) = 213*f - 48146. Calculate x(221).
-1073
Let f(p) = 2*p**2 + 92*p - 2924. Determine f(21).
-110
Let h(s) = -8176*s - 8269. Calculate h(-1).
-93
Let h(k) = -4259*k - 442995. What is h(-104)?
-59
Let x(f) = -4*f**3 + 5*f**2 - 123*f + 530. What is x(5)?
-460
Let t(c) = c**2 - 374*c - 16568. Calculate t(-40).
-8
Let f(o) = -138*o**3 - 11*o**2 + 12*o - 1. Give f(1).
-138
Let i(q) = 13*q**2 - 3295*q + 36061. Determine i(242).
3
Let d(j) = 3*j**3 - 10*j**2 - 734*j + 5124. Determine d(7).
525
Let x(k) = 2187*k**2 + 365*k - 365. Calculate x(1).
2187
Let m(n) = -47*n**2 - 9*n - 177. What is m(0)?
-177
Let r(o) = o**3 + 46*o**2 - 3898*o - 6306. What is r(-89)?
13
Let p(z) = -95*z**3 - 13*z**2 - 105*z - 159. What is p(-3)?
2604
Let f(q) = q**2 - 739*q - 24807. What is f(-32)?
-135
Let s(r) = 7*r**2 + 6275*r + 997047. Calculate s(-690).
-3
Let s(r) = r**2 + 87*r + 946. Determine s(-7).
386
Let b(a) = -420*a + 17673. Determine b(42).
33
Let k(y) = -51*y**3 - 1079*y**2 - 197*y - 635. Determine k(-21).
-26
Let a(d) = -43*d**2 - 237*d - 1706. Give a(-7).
-2154
Let a(x) = -28429*x - 909769. What is a(-32)?
-41
Let g(l) = l**3 + 23*l**2 - 157*l - 109. Calculate g(6).
-7
Let r(v) = 6*v**2 + 13364*v - 2104255. Give r(-2375).
-5
Let n(m) = m**3 + 407*m**2 - 4179*m - 4021. What is n(-417)?
-268
Let d(k) = -221*k + 1334. Determine d(9).
-655
Let h(p) = -p**3 + 5*p**2 - 391*p + 2576. Give h(6).
194
Let x(q) = -67609*q + 338054. What is x(5)?
9
Let l(d) = -d**2 - 56*d - 814. Give l(-30).
-34
Let r(t) = -t**3 - 23*t**2 - 142*t - 354. Determine r(-15).
-24
Let a(k) = k**3 - 221*k**2 + 1921*k - 1937. Give a(212).
819
Let t(x) = -2*x**2 - 223*x + 3504. Determine t(14).
-10
Let m(u) = -299*u + 3609. Determine m(10).
619
Let s(z) = 120*z**2 + 6740*z - 26966. Give s(4).
1914
Let o(v) = -1893*v - 403244. Calculate o(-213).
-35
Let p(f) = f**3 - 19*f**2 - 77*f + 582. Determine p(12).
-1350
Let c(v) = v**3 - 94*v**2 - 10104*v + 506. Give c(-64).
-6
Let r(i) = -1548*i + 4672. Determine r(3).
28
Let m(o) = 2*o**3 - 1192*o**2 - 15841*o + 4385. What is m(609)?
122
Let z(g) = -2*g**2 - 1133*g - 35870. Give z(-533).
-159
Let b(a) = 203*a**2 - 335*a - 1326. Give b(-4).
3262
Let n(r) = -r**3 + 7*r**2 + 28343*r - 113378. What is n(4)?
42
Let t(i) = -i**2 + 9397*i - 168800. Determine t(18).
22
Let j(m) = -7*m**2 - 198124*m - 1980546. Determine j(-10).
-6
Let t(v) = v**3 + 19*v**2 - 203*v + 315. Calculate t(-27).
-36
Let d(w) = 11*w**3 - 96*w**2 - 20*w - 23. What is d(9)?
40
Let y(m) = -296286*m + 4740582. Give y(16).
6
Let z(n) = -79791*n - 2473518. Determine z(-31